{"id":26,"date":"2022-03-23T12:51:55","date_gmt":"2022-03-23T12:51:55","guid":{"rendered":"http:\/\/silveiraecasado.com.br\/?page_id=26"},"modified":"2022-04-28T15:32:21","modified_gmt":"2022-04-28T15:32:21","slug":"socios","status":"publish","type":"page","link":"http:\/\/silveiraecasado.com.br\/?page_id=26","title":{"rendered":"S\u00d3CIOS"},"content":{"rendered":"<div id='av_section_1'  class='avia-section av-1zv22-a794661d34b8c05e9fe9b7a2e830fd22 main_color avia-section-default avia-no-border-styling  avia-builder-el-0  el_before_av_section  avia-builder-el-first  avia-bg-style-scroll container_wrap fullsize'  ><div class='container av-section-cont-open' ><main  role=\"main\" itemprop=\"mainContentOfPage\"  class='template-page content  av-content-full alpha units'><div class='post-entry post-entry-type-page post-entry-26'><div class='entry-content-wrapper clearfix'>\n\n<style type=\"text\/css\" data-created_by=\"avia_inline_auto\" id=\"style-css-av-1a7ai-47d7069eef4fcba680ae1a34fa07d66f\">\n#top .av-special-heading.av-1a7ai-47d7069eef4fcba680ae1a34fa07d66f{\npadding-bottom:10px;\n}\nbody .av-special-heading.av-1a7ai-47d7069eef4fcba680ae1a34fa07d66f .av-special-heading-tag .heading-char{\nfont-size:25px;\n}\n.av-special-heading.av-1a7ai-47d7069eef4fcba680ae1a34fa07d66f .av-subheading{\nfont-size:15px;\n}\n<\/style>\n<div  class='av-special-heading av-1a7ai-47d7069eef4fcba680ae1a34fa07d66f av-special-heading-h3  avia-builder-el-1  avia-builder-el-no-sibling '><h3 class='av-special-heading-tag'  itemprop=\"headline\"  >S\u00d3CIOS<\/h3><div class=\"special-heading-border\"><div class=\"special-heading-inner-border\"><\/div><\/div><\/div>\n\n<\/div><\/div><\/main><!-- close content main element --><\/div><\/div><div id='av_section_2'  class='avia-section av-3dpa-33fee832e54bd09951047563a9db823c main_color avia-section-default avia-no-border-styling  avia-builder-el-2  el_after_av_section  avia-builder-el-last  avia-bg-style-scroll container_wrap fullsize'  ><div class='container av-section-cont-open' ><div class='template-page content  av-content-full alpha units'><div class='post-entry post-entry-type-page post-entry-26'><div class='entry-content-wrapper clearfix'>\n<div class='flex_column av-20o82-98acf676a823379de748fe593b010cf2 av_one_half  avia-builder-el-3  el_before_av_one_half  avia-builder-el-first  first flex_column_div '   ><section  class='avia-team-member av-l16hjchs-3dc8cf85112ac4dcb05ae1bae45d22b5  avia-builder-el-4  avia-builder-el-no-sibling '  itemscope=\"itemscope\" itemtype=\"https:\/\/schema.org\/Person\" ><h3 class='team-member-name '  itemprop=\"name\" >Diego Torres Silveira<\/h3><div class='team-member-job-title '  itemprop=\"jobTitle\" >OAB\/RS 55.184 \u2022 OAB\/SC 48.534 - A \u2022 OAB\/PR 87.905 \u2022 OAB\/DF 64.977<\/div><div class='team-member-description '  itemprop=\"description\" ><p><text-align: justify>Advogado atuante desde 2002, com s\u00f3lida experi\u00eancia nas \u00e1reas trabalhista, banc\u00e1ria, c\u00edvel e de previd\u00eancia complementar, tendo sido conselheiro da Ordem dos Advogados do Brasil da Seccional do Rio Grande do Sul, exercendo mandato nas gest\u00f5es 2016\/2018 e 2019\/2021.<\/p>\n<\/div><span class='hidden team-member-affiliation'  itemprop=\"affiliation\" ><\/span><\/section><\/div><div class='flex_column av-2yjfq-327ebcc02900a38becf33ddd5a91a1dc av_one_half  avia-builder-el-5  el_after_av_one_half  avia-builder-el-last  flex_column_div '   ><section  class='avia-team-member av-l16hh1dh-d659891459281870efe6ad65a6e3fc93  avia-builder-el-6  avia-builder-el-no-sibling '  itemscope=\"itemscope\" itemtype=\"https:\/\/schema.org\/Person\" ><h3 class='team-member-name '  itemprop=\"name\" >Leandro Pitrez Casado<\/h3><div class='team-member-job-title '  itemprop=\"jobTitle\" >OAB\/RS 53.911 \u2022 OAB\/SC 48.535 - A \u2022 OAB\/PR 87.906 \u2022 OAB\/DF 64.826<\/div><div class='team-member-description '  itemprop=\"description\" ><p><text-align: justify>Advogado atuante desde 2002, com s\u00f3lida experi\u00eancia nas \u00e1reas trabalhista, banc\u00e1ria, c\u00edvel e de previd\u00eancia complementar, atualmente \u00e9 membro da Comiss\u00e3o Especial de Seguros e Previd\u00eancia Complementar da Ordem dos Advogados do Brasil da Seccional do Rio grande do Sul.<\/p>\n<\/div><span class='hidden team-member-affiliation'  itemprop=\"affiliation\" ><\/span><\/section><\/div>\n","protected":false},"excerpt":{"rendered":"","protected":false},"author":2,"featured_media":0,"parent":0,"menu_order":0,"comment_status":"closed","ping_status":"closed","template":"","meta":{"footnotes":""},"class_list":["post-26","page","type-page","status-publish","hentry"],"_links":{"self":[{"href":"http:\/\/silveiraecasado.com.br\/index.php?rest_route=\/wp\/v2\/pages\/26","targetHints":{"allow":["GET"]}}],"collection":[{"href":"http:\/\/silveiraecasado.com.br\/index.php?rest_route=\/wp\/v2\/pages"}],"about":[{"href":"http:\/\/silveiraecasado.com.br\/index.php?rest_route=\/wp\/v2\/types\/page"}],"author":[{"embeddable":true,"href":"http:\/\/silveiraecasado.com.br\/index.php?rest_route=\/wp\/v2\/users\/2"}],"replies":[{"embeddable":true,"href":"http:\/\/silveiraecasado.com.br\/index.php?rest_route=%2Fwp%2Fv2%2Fcomments&post=26"}],"version-history":[{"count":12,"href":"http:\/\/silveiraecasado.com.br\/index.php?rest_route=\/wp\/v2\/pages\/26\/revisions"}],"predecessor-version":[{"id":366,"href":"http:\/\/silveiraecasado.com.br\/index.php?rest_route=\/wp\/v2\/pages\/26\/revisions\/366"}],"wp:attachment":[{"href":"http:\/\/silveiraecasado.com.br\/index.php?rest_route=%2Fwp%2Fv2%2Fmedia&parent=26"}],"curies":[{"name":"wp","href":"https:\/\/api.w.org\/{rel}","templated":true}]}}

SÓCIOS

<div id='av_section_1'  class='avia-section av-1zv22-a794661d34b8c05e9fe9b7a2e830fd22 main_color avia-section-default avia-no-border-styling  avia-builder-el-0  el_before_av_section  avia-builder-el-first  avia-bg-style-scroll container_wrap fullsize'  ><div class='container av-section-cont-open' ><main  role="main" itemprop="mainContentOfPage"  class='template-page content  av-content-full alpha units'><div class='post-entry post-entry-type-page post-entry-26'><div class='entry-content-wrapper clearfix'>

<style type="text/css" data-created_by="avia_inline_auto" id="style-css-av-1a7ai-47d7069eef4fcba680ae1a34fa07d66f">
#top .av-special-heading.av-1a7ai-47d7069eef4fcba680ae1a34fa07d66f{
padding-bottom:10px;
}
body .av-special-heading.av-1a7ai-47d7069eef4fcba680ae1a34fa07d66f .av-special-heading-tag .heading-char{
font-size:25px;
}
.av-special-heading.av-1a7ai-47d7069eef4fcba680ae1a34fa07d66f .av-subheading{
font-size:15px;
}
</style>
<div  class='av-special-heading av-1a7ai-47d7069eef4fcba680ae1a34fa07d66f av-special-heading-h3  avia-builder-el-1  avia-builder-el-no-sibling '><h3 class='av-special-heading-tag'  itemprop="headline"  >SÓCIOS</h3><div class="special-heading-border"><div class="special-heading-inner-border"></div></div></div>

</div></div></main><!-- close content main element --></div></div><div id='av_section_2'  class='avia-section av-3dpa-33fee832e54bd09951047563a9db823c main_color avia-section-default avia-no-border-styling  avia-builder-el-2  el_after_av_section  avia-builder-el-last  avia-bg-style-scroll container_wrap fullsize'  ><div class='container av-section-cont-open' ><div class='template-page content  av-content-full alpha units'><div class='post-entry post-entry-type-page post-entry-26'><div class='entry-content-wrapper clearfix'>
<div class='flex_column av-20o82-98acf676a823379de748fe593b010cf2 av_one_half  avia-builder-el-3  el_before_av_one_half  avia-builder-el-first  first flex_column_div '   ><section  class='avia-team-member av-l16hjchs-3dc8cf85112ac4dcb05ae1bae45d22b5  avia-builder-el-4  avia-builder-el-no-sibling '  itemscope="itemscope" itemtype="https://schema.org/Person" ><h3 class='team-member-name '  itemprop="name" >Diego Torres Silveira</h3><div class='team-member-job-title '  itemprop="jobTitle" >OAB/RS 55.184 • OAB/SC 48.534 - A • OAB/PR 87.905 • OAB/DF 64.977</div><div class='team-member-description '  itemprop="description" ><p><text-align: justify>Advogado atuante desde 2002, com sólida experiência nas áreas trabalhista, bancária, cível e de previdência complementar, tendo sido conselheiro da Ordem dos Advogados do Brasil da Seccional do Rio Grande do Sul, exercendo mandato nas gestões 2016/2018 e 2019/2021.</p>
</div><span class='hidden team-member-affiliation'  itemprop="affiliation" ></span></section></div><div class='flex_column av-2yjfq-327ebcc02900a38becf33ddd5a91a1dc av_one_half  avia-builder-el-5  el_after_av_one_half  avia-builder-el-last  flex_column_div '   ><section  class='avia-team-member av-l16hh1dh-d659891459281870efe6ad65a6e3fc93  avia-builder-el-6  avia-builder-el-no-sibling '  itemscope="itemscope" itemtype="https://schema.org/Person" ><h3 class='team-member-name '  itemprop="name" >Leandro Pitrez Casado</h3><div class='team-member-job-title '  itemprop="jobTitle" >OAB/RS 53.911 • OAB/SC 48.535 - A • OAB/PR 87.906 • OAB/DF 64.826</div><div class='team-member-description '  itemprop="description" ><p><text-align: justify>Advogado atuante desde 2002, com sólida experiência nas áreas trabalhista, bancária, cível e de previdência complementar, atualmente é membro da Comissão Especial de Seguros e Previdência Complementar da Ordem dos Advogados do Brasil da Seccional do Rio grande do Sul.</p>
</div><span class='hidden team-member-affiliation'  itemprop="affiliation" ></span></section></div>
