{"id":24,"date":"2022-03-23T12:51:29","date_gmt":"2022-03-23T12:51:29","guid":{"rendered":"http:\/\/silveiraecasado.com.br\/?page_id=24"},"modified":"2022-04-18T15:48:11","modified_gmt":"2022-04-18T15:48:11","slug":"servicos","status":"publish","type":"page","link":"http:\/\/silveiraecasado.com.br\/?page_id=24","title":{"rendered":"Direito Trabalhista"},"content":{"rendered":"<div id='av_section_1'  class='avia-section av-l13zy0lm-579e62b547c17b01e77281d453714992 main_color avia-section-default avia-no-border-styling  avia-builder-el-0  el_before_av_section  avia-builder-el-first  avia-bg-style-parallax av-minimum-height av-minimum-height-50  container_wrap fullsize'   data-av_minimum_height_pc='50'><div class='container av-section-cont-open' ><main  role=\"main\" itemprop=\"mainContentOfPage\"  class='template-page content  av-content-full alpha units'><div class='post-entry post-entry-type-page post-entry-24'><div class='entry-content-wrapper clearfix'>\n\n<style type=\"text\/css\" data-created_by=\"avia_inline_auto\" id=\"style-css-av-l13zyysk-a7c4f257f70fa2ade228627ca6aee192\">\n#top .av-special-heading.av-l13zyysk-a7c4f257f70fa2ade228627ca6aee192{\npadding-bottom:20px;\ncolor:#ffffff;\n}\nbody .av-special-heading.av-l13zyysk-a7c4f257f70fa2ade228627ca6aee192 .av-special-heading-tag .heading-char{\nfont-size:25px;\n}\n.av-special-heading.av-l13zyysk-a7c4f257f70fa2ade228627ca6aee192 .special-heading-inner-border{\nborder-color:#ffffff;\n}\n.av-special-heading.av-l13zyysk-a7c4f257f70fa2ade228627ca6aee192 .av-subheading{\nfont-size:15px;\n}\n<\/style>\n<div  class='av-special-heading av-l13zyysk-a7c4f257f70fa2ade228627ca6aee192 av-special-heading-h1 custom-color-heading blockquote modern-quote modern-centered  avia-builder-el-1  avia-builder-el-no-sibling '><h1 class='av-special-heading-tag'  itemprop=\"headline\"  >Direito Trabalhista<\/h1><div class=\"special-heading-border\"><div class=\"special-heading-inner-border\"><\/div><\/div><\/div>\n\n<\/div><\/div><\/main><!-- close content main element --><\/div><\/div><div id='av_section_2'  class='avia-section av-viic-e274fdaf5e7182af0f3bb907174d2e64 main_color avia-section-default avia-no-border-styling  avia-builder-el-2  el_after_av_section  el_before_av_section  av-medium-hide av-small-hide av-mini-hide avia-bg-style-scroll container_wrap fullsize'  ><div class='container av-section-cont-open' ><div class='template-page content  av-content-full alpha units'><div class='post-entry post-entry-type-page post-entry-24'><div class='entry-content-wrapper clearfix'>\n<div class='flex_column av-1abos-4f67f674f3ac841a9b070012c749bd34 av_one_half  avia-builder-el-3  el_before_av_one_half  avia-builder-el-first  first flex_column_div '   ><p>\n<style type=\"text\/css\" data-created_by=\"avia_inline_auto\" id=\"style-css-av-l140b0fx-f765e918205c8cebd5c5a31c9bdd9866\">\n#top .av-special-heading.av-l140b0fx-f765e918205c8cebd5c5a31c9bdd9866{\npadding-bottom:10px;\n}\nbody .av-special-heading.av-l140b0fx-f765e918205c8cebd5c5a31c9bdd9866 .av-special-heading-tag .heading-char{\nfont-size:25px;\n}\n.av-special-heading.av-l140b0fx-f765e918205c8cebd5c5a31c9bdd9866 .av-subheading{\nfont-size:15px;\n}\n<\/style>\n<div  class='av-special-heading av-l140b0fx-f765e918205c8cebd5c5a31c9bdd9866 av-special-heading-h3 blockquote modern-quote modern-centered  avia-builder-el-4  el_before_av_textblock  avia-builder-el-first '><h3 class='av-special-heading-tag'  itemprop=\"headline\"  >Contencioso trabalhista<\/h3><div class=\"special-heading-border\"><div class=\"special-heading-inner-border\"><\/div><\/div><\/div><br \/>\n\n<style type=\"text\/css\" data-created_by=\"avia_inline_auto\" id=\"style-css-av-l140ai1p-307038c98d43e8e4eaf3e42da9a0a4f7\">\n#top .av_textblock_section.av-l140ai1p-307038c98d43e8e4eaf3e42da9a0a4f7 .avia_textblock{\ntext-align:justify;\n}\n<\/style>\n<section  class='av_textblock_section av-l140ai1p-307038c98d43e8e4eaf3e42da9a0a4f7'  itemscope=\"itemscope\" itemtype=\"https:\/\/schema.org\/CreativeWork\" ><div class='avia_textblock'  itemprop=\"text\" ><p>Atua\u00e7\u00e3o em conex\u00e3o direta e permanente com seus clientes, utilizando a parceria para obter efici\u00eancia m\u00e1xima nos processos judiciais e evitar a constitui\u00e7\u00e3o de conting\u00eancias. Clientes com grande volume de processos judiciais encontram uma estrutura com alta qualidade t\u00e9cnica preparada para atuar no plano contencioso, com acompanhamento de processos desde a primeira inst\u00e2ncia at\u00e9 os Tribunais Superiores, em todo o territ\u00f3rio nacional.<\/p>\n<\/div><\/section><\/p><\/div><div class='flex_column av-stzc-6e6964df32f9dbee40ed9bc4f63cd233 av_one_half  avia-builder-el-6  el_after_av_one_half  avia-builder-el-last  flex_column_div '   ><p>\n<style type=\"text\/css\" data-created_by=\"avia_inline_auto\" id=\"style-css-av-l140bfh9-467ea682744b80b79a66100f865c6d33\">\n#top .av-special-heading.av-l140bfh9-467ea682744b80b79a66100f865c6d33{\npadding-bottom:10px;\n}\nbody .av-special-heading.av-l140bfh9-467ea682744b80b79a66100f865c6d33 .av-special-heading-tag .heading-char{\nfont-size:25px;\n}\n.av-special-heading.av-l140bfh9-467ea682744b80b79a66100f865c6d33 .av-subheading{\nfont-size:15px;\n}\n<\/style>\n<div  class='av-special-heading av-l140bfh9-467ea682744b80b79a66100f865c6d33 av-special-heading-h3 blockquote modern-quote modern-centered  avia-builder-el-7  el_before_av_textblock  avia-builder-el-first '><h3 class='av-special-heading-tag'  itemprop=\"headline\"  >Consultoria trabalhista<\/h3><div class=\"special-heading-border\"><div class=\"special-heading-inner-border\"><\/div><\/div><\/div><br \/>\n\n<style type=\"text\/css\" data-created_by=\"avia_inline_auto\" id=\"style-css-av-l140bmy6-b3be67dfb63a7049eba73298581e5213\">\n#top .av_textblock_section.av-l140bmy6-b3be67dfb63a7049eba73298581e5213 .avia_textblock{\ntext-align:justify;\n}\n<\/style>\n<section  class='av_textblock_section av-l140bmy6-b3be67dfb63a7049eba73298581e5213'  itemscope=\"itemscope\" itemtype=\"https:\/\/schema.org\/CreativeWork\" ><div class='avia_textblock'  itemprop=\"text\" ><p>Atendimento total e personalizado em mat\u00e9ria preventiva atrav\u00e9s de ato consultivo em quest\u00f5es de direitos individuais e coletivos, atrav\u00e9s de opini\u00f5es legais e elabora\u00e7\u00e3o de documentos, gerenciamento de RH, negocia\u00e7\u00f5es coletivas e outros.<\/p>\n<\/div><\/section><\/p><\/div><\/div><\/div><\/div><!-- close content main div --><\/div><\/div><div id='av_section_3'  class='avia-section av-l1p5b1y8-107dd4750979ca4f79d34f86a115da19 main_color avia-section-default avia-no-border-styling  avia-builder-el-9  el_after_av_section  avia-builder-el-last  av-desktop-hide avia-bg-style-scroll container_wrap fullsize'  ><div class='container av-section-cont-open' ><div class='template-page content  av-content-full alpha units'><div class='post-entry post-entry-type-page post-entry-24'><div class='entry-content-wrapper clearfix'>\n<div class='flex_column av-28czw-ee7735b07ae9c15fc9a426904e5216ad av_one_full  avia-builder-el-10  avia-builder-el-no-sibling  first flex_column_div '   ><p>\n<style type=\"text\/css\" data-created_by=\"avia_inline_auto\" id=\"style-css-av-l1p5b6vz-caf61bf9a3d56a9d01c79e6c6543d37e\">\n#top .av-special-heading.av-l1p5b6vz-caf61bf9a3d56a9d01c79e6c6543d37e{\npadding-bottom:10px;\n}\nbody .av-special-heading.av-l1p5b6vz-caf61bf9a3d56a9d01c79e6c6543d37e .av-special-heading-tag .heading-char{\nfont-size:25px;\n}\n.av-special-heading.av-l1p5b6vz-caf61bf9a3d56a9d01c79e6c6543d37e .av-subheading{\nfont-size:15px;\n}\n<\/style>\n<div  class='av-special-heading av-l1p5b6vz-caf61bf9a3d56a9d01c79e6c6543d37e av-special-heading-h3 blockquote modern-quote  avia-builder-el-11  el_before_av_textblock  avia-builder-el-first '><h3 class='av-special-heading-tag'  itemprop=\"headline\"  >Contencioso trabalhista<\/h3><div class=\"special-heading-border\"><div class=\"special-heading-inner-border\"><\/div><\/div><\/div><br \/>\n\n<style type=\"text\/css\" data-created_by=\"avia_inline_auto\" id=\"style-css-av-1c1q4-abe63de216a4b4f925b48d25223a946e\">\n#top .av_textblock_section.av-1c1q4-abe63de216a4b4f925b48d25223a946e .avia_textblock{\ntext-align:justify;\n}\n<\/style>\n<section  class='av_textblock_section av-1c1q4-abe63de216a4b4f925b48d25223a946e'  itemscope=\"itemscope\" itemtype=\"https:\/\/schema.org\/CreativeWork\" ><div class='avia_textblock'  itemprop=\"text\" ><p>Atua\u00e7\u00e3o em conex\u00e3o direta e permanente com seus clientes, utilizando a parceria para obter efici\u00eancia m\u00e1xima nos processos judiciais e evitar a constitui\u00e7\u00e3o de conting\u00eancias. Clientes com grande volume de processos judiciais encontram uma estrutura com alta qualidade t\u00e9cnica preparada para atuar no plano contencioso, com acompanhamento de processos desde a primeira inst\u00e2ncia at\u00e9 os Tribunais Superiores, em todo o territ\u00f3rio nacional.<\/p>\n<\/div><\/section><br \/>\n\n<style type=\"text\/css\" data-created_by=\"avia_inline_auto\" id=\"style-css-av-l1p5buga-7cd3eb359412a06f4b22f3f1365450b6\">\n#top .av-special-heading.av-l1p5buga-7cd3eb359412a06f4b22f3f1365450b6{\npadding-bottom:10px;\n}\nbody .av-special-heading.av-l1p5buga-7cd3eb359412a06f4b22f3f1365450b6 .av-special-heading-tag .heading-char{\nfont-size:25px;\n}\n.av-special-heading.av-l1p5buga-7cd3eb359412a06f4b22f3f1365450b6 .av-subheading{\nfont-size:15px;\n}\n<\/style>\n<div  class='av-special-heading av-l1p5buga-7cd3eb359412a06f4b22f3f1365450b6 av-special-heading-h3 blockquote modern-quote  avia-builder-el-13  el_after_av_textblock  el_before_av_textblock '><h3 class='av-special-heading-tag'  itemprop=\"headline\"  >Consultoria trabalhista<\/h3><div class=\"special-heading-border\"><div class=\"special-heading-inner-border\"><\/div><\/div><\/div><br \/>\n\n<style type=\"text\/css\" data-created_by=\"avia_inline_auto\" id=\"style-css-av-x6uk-79b562dcd24251f5ddcaa4ad50a0f959\">\n#top .av_textblock_section.av-x6uk-79b562dcd24251f5ddcaa4ad50a0f959 .avia_textblock{\ntext-align:justify;\n}\n<\/style>\n<section  class='av_textblock_section av-x6uk-79b562dcd24251f5ddcaa4ad50a0f959'  itemscope=\"itemscope\" itemtype=\"https:\/\/schema.org\/CreativeWork\" ><div class='avia_textblock'  itemprop=\"text\" ><p>Atendimento total e personalizado em mat\u00e9ria preventiva atrav\u00e9s de ato consultivo em quest\u00f5es de direitos individuais e coletivos, atrav\u00e9s de opini\u00f5es legais e elabora\u00e7\u00e3o de documentos, gerenciamento de RH, negocia\u00e7\u00f5es coletivas e outros.<\/p>\n<\/div><\/section><\/p><\/div><\/p>\n","protected":false},"excerpt":{"rendered":"","protected":false},"author":2,"featured_media":0,"parent":0,"menu_order":0,"comment_status":"closed","ping_status":"closed","template":"","meta":{"footnotes":""},"class_list":["post-24","page","type-page","status-publish","hentry"],"_links":{"self":[{"href":"http:\/\/silveiraecasado.com.br\/index.php?rest_route=\/wp\/v2\/pages\/24","targetHints":{"allow":["GET"]}}],"collection":[{"href":"http:\/\/silveiraecasado.com.br\/index.php?rest_route=\/wp\/v2\/pages"}],"about":[{"href":"http:\/\/silveiraecasado.com.br\/index.php?rest_route=\/wp\/v2\/types\/page"}],"author":[{"embeddable":true,"href":"http:\/\/silveiraecasado.com.br\/index.php?rest_route=\/wp\/v2\/users\/2"}],"replies":[{"embeddable":true,"href":"http:\/\/silveiraecasado.com.br\/index.php?rest_route=%2Fwp%2Fv2%2Fcomments&post=24"}],"version-history":[{"count":13,"href":"http:\/\/silveiraecasado.com.br\/index.php?rest_route=\/wp\/v2\/pages\/24\/revisions"}],"predecessor-version":[{"id":379,"href":"http:\/\/silveiraecasado.com.br\/index.php?rest_route=\/wp\/v2\/pages\/24\/revisions\/379"}],"wp:attachment":[{"href":"http:\/\/silveiraecasado.com.br\/index.php?rest_route=%2Fwp%2Fv2%2Fmedia&parent=24"}],"curies":[{"name":"wp","href":"https:\/\/api.w.org\/{rel}","templated":true}]}}